{"id":146,"date":"2021-10-08T07:50:02","date_gmt":"2021-10-08T07:50:02","guid":{"rendered":"https:\/\/hotel-zum-schwan.com\/?page_id=146"},"modified":"2026-03-20T11:58:42","modified_gmt":"2026-03-20T11:58:42","slug":"aktuelles","status":"publish","type":"page","link":"https:\/\/hotel-zum-schwan.com\/?page_id=146","title":{"rendered":"Aktuelles"},"content":{"rendered":"\n\n<h1>\n\t\t\tAktuelles &#8230;\t<\/h1>\n<h2>\n\t\t\tBleiben Sie auf dem Laufenden\t<\/h2>\n\t<p>Wir informieren Sie hier regelm\u00e4\u00dfig \u00fcber Neuigkeiten und Aktionen aus unserem Hotel.<\/p>\n\t\t\t\t\t\t<h3>\n\t\t\t\t<a href=\"https:\/\/hotel-zum-schwan.com\/?p=231\" title=\"Neuer Internetauftritt online\">Neuer Internetauftritt online<\/a>\t\t\t<\/h3>\n\t\t\t\t\t\t\t<h5>\n\t\t\t08.10.2021\t\t\t\n\t\t\t\t\t\t\t<\/h5>\n\t\t\t\t\t\t\t\t\tErfahren Sie jetzt auch im Internet alles \u00fcber unsere Zimmer, Appartments und Angebote. Wir freuen uns auf Ihren &#8230;\n\t\t\t<a href=\"https:\/\/hotel-zum-schwan.com\/?p=231\" title=\"Mehr erfahren\" target=\"_self\" role=\"button\" aria-label=\"Mehr erfahren\" rel=\"noopener\">\n\t\t\t\t\t\t\tMehr erfahren\n\t\t<\/a>\n\t\t\t\t\t\t<h3>\n\t\t\t\t<a href=\"https:\/\/hotel-zum-schwan.com\/?p=228\" title=\"Genie\u00dfen im historischen Stil, Spa\u00df im nahegelegenen Phantasialand!\">Genie\u00dfen im historischen Stil, Spa\u00df im nahegelegenen Phantasialand!<\/a>\t\t\t<\/h3>\n\t\t\t\t\t\t\t<h5>\n\t\t\t08.10.2021\t\t\t\n\t\t\t\t\t\t\t<\/h5>\n\t\t\t\t\t\t\t\t\tSie m\u00f6chten gerne ein erholsames und pflegendes Wochenende erleben und dabei eines unserer Tagesprogramme genie\u00dfen? Sie m\u00f6chten gerne &#8230;\n\t\t\t<a href=\"https:\/\/hotel-zum-schwan.com\/?p=228\" title=\"Mehr erfahren\" target=\"_self\" role=\"button\" aria-label=\"Mehr erfahren\" rel=\"noopener\">\n\t\t\t\t\t\t\tMehr erfahren\n\t\t<\/a>\n\t\t\t\t\t\t<h3>\n\t\t\t\t<a href=\"https:\/\/hotel-zum-schwan.com\/?p=151\" title=\"Phantasialand Arrangement f\u00fcr 2 Personen im Hotel zum Schwan\">Phantasialand Arrangement f\u00fcr 2 Personen im Hotel zum Schwan<\/a>\t\t\t<\/h3>\n\t\t\t\t\t\t\t<h5>\n\t\t\t08.10.2021\t\t\t\n\t\t\t\t\t\t\t<\/h5>\n\t\t\t\t\t\t\t\t\tZwei \u00dcbernachtungen, einmal Fr\u00fchst\u00fcck, einmal 5-Gang Men\u00fc und einmal Eintritt ins Phantasialand f\u00fcr 2 Personen \u20ac 440,00 F\u00fcr &#8230;\n\t\t\t<a href=\"https:\/\/hotel-zum-schwan.com\/?p=151\" title=\"Mehr erfahren\" target=\"_self\" role=\"button\" aria-label=\"Mehr erfahren\" rel=\"noopener\">\n\t\t\t\t\t\t\tMehr erfahren\n\t\t<\/a>\n<h2>\n\t\t\tJetzt buchen &#8230;\t<\/h2>\n\t<p>Reservieren Sie hier online Ihren Aufenthalt in unserem Hause:<\/p>\n\t\t\t<a href=\"https:\/\/via.eviivo.com\/HotelzumSchwan53919\" target=\"_blank\" rel=\"noopener\">\n\t\t\t\t\t\t\tJetzt buchen\n\t\t\t\t\t<\/a>\n\n","protected":false},"excerpt":{"rendered":"<p>Aktuelles &#8230; Bleiben Sie auf dem Laufenden Wir informieren Sie hier regelm\u00e4\u00dfig \u00fcber Neuigkeiten und Aktionen aus unserem Hotel. Neuer Internetauftritt online 08.10.2021 Erfahren Sie jetzt auch im Internet alles \u00fcber unsere Zimmer, Appartments und Angebote. Wir freuen uns auf Ihren &#8230; Mehr erfahren Genie\u00dfen im historischen Stil, Spa\u00df im nahegelegenen Phantasialand! 08.10.2021 Sie m\u00f6chten&hellip;<\/p>\n","protected":false},"author":1,"featured_media":0,"parent":0,"menu_order":0,"comment_status":"closed","ping_status":"closed","template":"","meta":[],"yoast_head":"<!-- This site is optimized with the Yoast SEO plugin v21.8.1 - https:\/\/yoast.com\/wordpress\/plugins\/seo\/ -->\n<title>Aktuelles - Hotel zum Schwan - Weilerswist<\/title>\n<meta name=\"robots\" content=\"index, follow, max-snippet:-1, max-image-preview:large, max-video-preview:-1\" \/>\n<link rel=\"canonical\" href=\"https:\/\/hotel-zum-schwan.com\/?page_id=146\" \/>\n<meta property=\"og:locale\" content=\"de_DE\" \/>\n<meta property=\"og:type\" content=\"article\" \/>\n<meta property=\"og:title\" content=\"Aktuelles - Hotel zum Schwan - Weilerswist\" \/>\n<meta property=\"og:description\" content=\"Aktuelles &#8230; Bleiben Sie auf dem Laufenden Wir informieren Sie hier regelm\u00e4\u00dfig \u00fcber Neuigkeiten und Aktionen aus unserem Hotel. Neuer Internetauftritt online 08.10.2021 Erfahren Sie jetzt auch im Internet alles \u00fcber unsere Zimmer, Appartments und Angebote. Wir freuen uns auf Ihren &#8230; Mehr erfahren Genie\u00dfen im historischen Stil, Spa\u00df im nahegelegenen Phantasialand! 08.10.2021 Sie m\u00f6chten&hellip;\" \/>\n<meta property=\"og:url\" content=\"https:\/\/hotel-zum-schwan.com\/?page_id=146\" \/>\n<meta property=\"og:site_name\" content=\"Hotel zum Schwan - Weilerswist\" \/>\n<meta property=\"article:modified_time\" content=\"2026-03-20T11:58:42+00:00\" \/>\n<meta name=\"twitter:card\" content=\"summary_large_image\" \/>\n<meta name=\"twitter:label1\" content=\"Gesch\u00e4tzte Lesezeit\" \/>\n\t<meta name=\"twitter:data1\" content=\"1\u00a0Minute\" \/>\n<script type=\"application\/ld+json\" class=\"yoast-schema-graph\">{\"@context\":\"https:\/\/schema.org\",\"@graph\":[{\"@type\":\"WebPage\",\"@id\":\"https:\/\/hotel-zum-schwan.com\/?page_id=146\",\"url\":\"https:\/\/hotel-zum-schwan.com\/?page_id=146\",\"name\":\"Aktuelles - Hotel zum Schwan - Weilerswist\",\"isPartOf\":{\"@id\":\"https:\/\/hotel-zum-schwan.com\/#website\"},\"datePublished\":\"2021-10-08T07:50:02+00:00\",\"dateModified\":\"2026-03-20T11:58:42+00:00\",\"breadcrumb\":{\"@id\":\"https:\/\/hotel-zum-schwan.com\/?page_id=146#breadcrumb\"},\"inLanguage\":\"de\",\"potentialAction\":[{\"@type\":\"ReadAction\",\"target\":[\"https:\/\/hotel-zum-schwan.com\/?page_id=146\"]}]},{\"@type\":\"BreadcrumbList\",\"@id\":\"https:\/\/hotel-zum-schwan.com\/?page_id=146#breadcrumb\",\"itemListElement\":[{\"@type\":\"ListItem\",\"position\":1,\"name\":\"Home\",\"item\":\"https:\/\/hotel-zum-schwan.com\/\"},{\"@type\":\"ListItem\",\"position\":2,\"name\":\"Aktuelles\"}]},{\"@type\":\"WebSite\",\"@id\":\"https:\/\/hotel-zum-schwan.com\/#website\",\"url\":\"https:\/\/hotel-zum-schwan.com\/\",\"name\":\"Hotel zum Schwan - Weilerswist\",\"description\":\"\",\"potentialAction\":[{\"@type\":\"SearchAction\",\"target\":{\"@type\":\"EntryPoint\",\"urlTemplate\":\"https:\/\/hotel-zum-schwan.com\/?s={search_term_string}\"},\"query-input\":\"required name=search_term_string\"}],\"inLanguage\":\"de\"}]}<\/script>\n<!-- \/ Yoast SEO plugin. -->","yoast_head_json":{"title":"Aktuelles - Hotel zum Schwan - Weilerswist","robots":{"index":"index","follow":"follow","max-snippet":"max-snippet:-1","max-image-preview":"max-image-preview:large","max-video-preview":"max-video-preview:-1"},"canonical":"https:\/\/hotel-zum-schwan.com\/?page_id=146","og_locale":"de_DE","og_type":"article","og_title":"Aktuelles - Hotel zum Schwan - Weilerswist","og_description":"Aktuelles &#8230; Bleiben Sie auf dem Laufenden Wir informieren Sie hier regelm\u00e4\u00dfig \u00fcber Neuigkeiten und Aktionen aus unserem Hotel. Neuer Internetauftritt online 08.10.2021 Erfahren Sie jetzt auch im Internet alles \u00fcber unsere Zimmer, Appartments und Angebote. Wir freuen uns auf Ihren &#8230; Mehr erfahren Genie\u00dfen im historischen Stil, Spa\u00df im nahegelegenen Phantasialand! 08.10.2021 Sie m\u00f6chten&hellip;","og_url":"https:\/\/hotel-zum-schwan.com\/?page_id=146","og_site_name":"Hotel zum Schwan - Weilerswist","article_modified_time":"2026-03-20T11:58:42+00:00","twitter_card":"summary_large_image","twitter_misc":{"Gesch\u00e4tzte Lesezeit":"1\u00a0Minute"},"schema":{"@context":"https:\/\/schema.org","@graph":[{"@type":"WebPage","@id":"https:\/\/hotel-zum-schwan.com\/?page_id=146","url":"https:\/\/hotel-zum-schwan.com\/?page_id=146","name":"Aktuelles - Hotel zum Schwan - Weilerswist","isPartOf":{"@id":"https:\/\/hotel-zum-schwan.com\/#website"},"datePublished":"2021-10-08T07:50:02+00:00","dateModified":"2026-03-20T11:58:42+00:00","breadcrumb":{"@id":"https:\/\/hotel-zum-schwan.com\/?page_id=146#breadcrumb"},"inLanguage":"de","potentialAction":[{"@type":"ReadAction","target":["https:\/\/hotel-zum-schwan.com\/?page_id=146"]}]},{"@type":"BreadcrumbList","@id":"https:\/\/hotel-zum-schwan.com\/?page_id=146#breadcrumb","itemListElement":[{"@type":"ListItem","position":1,"name":"Home","item":"https:\/\/hotel-zum-schwan.com\/"},{"@type":"ListItem","position":2,"name":"Aktuelles"}]},{"@type":"WebSite","@id":"https:\/\/hotel-zum-schwan.com\/#website","url":"https:\/\/hotel-zum-schwan.com\/","name":"Hotel zum Schwan - Weilerswist","description":"","potentialAction":[{"@type":"SearchAction","target":{"@type":"EntryPoint","urlTemplate":"https:\/\/hotel-zum-schwan.com\/?s={search_term_string}"},"query-input":"required name=search_term_string"}],"inLanguage":"de"}]}},"_links":{"self":[{"href":"https:\/\/hotel-zum-schwan.com\/index.php?rest_route=\/wp\/v2\/pages\/146"}],"collection":[{"href":"https:\/\/hotel-zum-schwan.com\/index.php?rest_route=\/wp\/v2\/pages"}],"about":[{"href":"https:\/\/hotel-zum-schwan.com\/index.php?rest_route=\/wp\/v2\/types\/page"}],"author":[{"embeddable":true,"href":"https:\/\/hotel-zum-schwan.com\/index.php?rest_route=\/wp\/v2\/users\/1"}],"replies":[{"embeddable":true,"href":"https:\/\/hotel-zum-schwan.com\/index.php?rest_route=%2Fwp%2Fv2%2Fcomments&post=146"}],"version-history":[{"count":15,"href":"https:\/\/hotel-zum-schwan.com\/index.php?rest_route=\/wp\/v2\/pages\/146\/revisions"}],"predecessor-version":[{"id":308,"href":"https:\/\/hotel-zum-schwan.com\/index.php?rest_route=\/wp\/v2\/pages\/146\/revisions\/308"}],"wp:attachment":[{"href":"https:\/\/hotel-zum-schwan.com\/index.php?rest_route=%2Fwp%2Fv2%2Fmedia&parent=146"}],"curies":[{"name":"wp","href":"https:\/\/api.w.org\/{rel}","templated":true}]}}