{"id":104,"date":"2021-10-07T15:01:42","date_gmt":"2021-10-07T15:01:42","guid":{"rendered":"https:\/\/hotel-zum-schwan.com\/?page_id=104"},"modified":"2026-03-20T11:27:33","modified_gmt":"2026-03-20T11:27:33","slug":"service","status":"publish","type":"page","link":"https:\/\/hotel-zum-schwan.com\/?page_id=104","title":{"rendered":"Service"},"content":{"rendered":"\n\n<h1>\n\t\t\tService &#8230;\t<\/h1>\n\t<strong>Bitte w\u00e4hlen Sie einen der folgenden Bereiche:<\/strong><br \/>\nLage\u00a0 |\u00a0 Zimmer\u00a0 |\u00a0 Restaurant\n\t<p>Ob Gesch\u00e4ftsreise oder Urlaub, Entspannung oder Erlebnis: Hotel zum Schwan ist Ihre Adresse f\u00fcr eine angenehme Zeit.<\/p>\n<p>Als unser Gast genie\u00dfen Sie alle Annehmlichkeiten eines zeitgem\u00e4\u00dfen Hotels: von komfortabel ausgestatteten Zimmern bis zum stets aufmerksamen und auf Ihr Wohlbefinden bedachten Service-Team. Daf\u00fcr stehen wir mit unserer langj\u00e4hrigen Erfahrung und Tradition.<\/p>\n<h2>\n\t\t\tDie Vorz\u00fcge von Hotel zum Schwan im \u00dcberblick\t<\/h2>\n<h2>\n\t\t\tLage und Umgebung &#8211;               Ein guter Ausgangspunkt f\u00fcr Ihre Aktivit\u00e4ten\t<\/h2>\n\t<p>Hotel zum Schwan ist optimal gelegen, um die wichtigen Punkte der Umgebung anzusteuern. Gleichzeitig finden Sie bei uns im Hotel die n\u00f6tige Ruhe, um sich von den Erlebnissen und Strapazen des Tages zu erholen.<\/p>\n<p><strong>Die Vorteile unserer Lage im Einzelnen<\/strong><\/p>\n\t<p>Sie haben Fragen zu Unternehmungsm\u00f6glichkeiten?<\/p>\n<p>An der Rezeption halten wir immer aktuelles Informationsmaterial f\u00fcr Sie bereit!<\/p>\n<h2>\n\t\t\tModern und komfortabel\t<\/h2>\n\t<p>Von der Badewanne bis zum Breitbandinternet: Im Hotel zum Schwan g\u00f6nnen Sie sich den Komfort, den Sie auf Ihrer Urlaubs- oder Gesch\u00e4ftsreise ben\u00f6tigen.<\/p>\n<p>Bei uns wohnen Sie immer in modernen und komfortabel ausgestatteten Zimmern. Eine Auswahl unserer Zimmerkategorien finden Sie hier.<\/p>\n<h3>\n\t\t\tStandardangebot Zimmer Standart\t<\/h3>\n\t<p>Diese Zimmerkategorie bietet einen angenehmen Standard zum g\u00fcnstigen Preis. Verf\u00fcgbar sind sowohl Einzel- als auch Doppelzimmer.<\/p>\n<p><strong>Ausstattung der Zimmer<\/strong><\/p>\n<h3>\n\t\t\tWeitere Bilder zu diesem Angebot\t<\/h3>\n<h2>\n\t\t\tRestaurant &#8211; Unser gastronomisches Angebot\t<\/h2>\n\t<p>T\u00e4glich ab 15:00 Uhr sorgen wir f\u00fcr eine exzellente Verk\u00f6stigung w\u00e4hrend Ihres Aufenthaltes bei uns. Freuen Sie sich auf ein reichhaltiges Angebot, da\u00df Ihnen klassische Gerichte\u00a0bereit h\u00e4lt\u00a0&#8211; serviert in der angenehmen Atmosph\u00e4re unseres Restaurants.<\/p>\n<h3>\n\t\t\tAuszug aus unserer Speisekarte\t<\/h3>\n\t<p>Rinderkraftsuppe mit Einlage 5,90 \u20ac<\/p>\n<p>&nbsp;<\/p>\n<p>Salatvariationen<\/p>\n<p>&#8211; mit gekochtem Schinken und K\u00e4se 13,80 \u20ac<\/p>\n<p>&#8211; mit Schafsk\u00e4se 14,00 \u20ac<\/p>\n<p>&#8211; mit Putenstreifen 16,50 \u20ac<\/p>\n<p>&nbsp;<\/p>\n<p>Flammkuchen ab 9,50 \u20ac<\/p>\n<p>Schlemmerpf\u00e4nnchen: 18,50 \u20ac<\/p>\n<p>Eis Variationen ab 7,00 \u20ac<\/p>\n<h3>\n\t\t\tUnsere Weinstube\t<\/h3>\n\t<p>Zur Durchf\u00fchrung von Festlichkeiten aller Art , ob Hochzeiten, Kommunions-, Weihnachts-, Betriebs- und Vereinsfeiern, bieten wir in unserer Weinstube f\u00fcr ca. 70 Personen einen anspruchsvollen Rahmen f\u00fcr Ihr Fest.<\/p>\n<h2>\n\t\t\tGutschein bestellen &#8230;\t<\/h2>\n\t<p>Bei uns erhalten Sie Gutscheine. Besuchen Sie uns in unserem Hause oder bestellen Sie diesen hier\u00a0online.<\/p>\n<p>Der Gutschein wird Ihnen nach der online Bestellung dann umgehend zugestellt.<\/p>\n\t\t\t<a href=\"https:\/\/www.yovite.com\/Restaurant-Gutschein-R-18989601.html?REF=REST\" target=\"_blank\" rel=\"noopener\">\n\t\t\t\t\t\t\tGutschein bestellen\n\t\t\t\t\t<\/a>\n\n<h2>\n\t\t\tKundenstimmen &#8230;\t<\/h2>\n\t\t\t\t\t\t\t\t<h3 class='uabb-testimonial-author-name testimonial-author-name'>Chris H.<\/h3>\n\t\t\t\t\t\t\tFilled starFilled starFilled starFilled starFilled star\n\t\t\t\t\t\t\t<p>Sehr leckeres Essen &amp; K\u00f6lsch &amp; Pils frisch vom Fass! Heimelige &amp; angenehme Atmosph\u00e4re, auch wenn man nicht auf &#8222;Old Fashion&#8220; oder &#8222;Vintage&#8220; steht, ist es sehr gem\u00fctlich &amp; empfehlenswert!Angenehmer &amp; liebenswerter Service<\/p>\t\t\t\t\t\t\n\t\t\t\t\t\t\t\t<h3 class='uabb-testimonial-author-name testimonial-author-name'>Claudia R.<\/h3>\n\t\t\t\t\t\t\tFilled starFilled starFilled starFilled starFilled star\n\t\t\t\t\t\t\t<p>Sehr gem\u00fctlich, wie in Omas Wohnzimmer! Da wohnt man schon Jahre lang in der N\u00e4he und findet erst durch Zufall heraus, dass es in Weilerswist ein nettes Caf\u00e9\/Restaurant gibt. Getr\u00e4nke waren recht g\u00fcnstig, beim n\u00e4chsten Besuch werde ich das Essen testen!Sehr nette Bedienung heute Abend gehabt (ist hoffentlich noch \u00f6fter dort anzutreffen).<\/p>\t\t\t\t\t\t\n\t\t\t\t\t\t\t\t<h3 class='uabb-testimonial-author-name testimonial-author-name'>K aus K.<\/h3>\n\t\t\t\t\t\t\tFilled starFilled starFilled starFilled starFilled star\n\t\t\t\t\t\t\t<p>F\u00fcr Ambiente und das Geb\u00e4ude 5 Sterne. Wenn Corona vorbei ist w\u00fcrde ich gerne mal einkehren.<\/p>\t\t\t\t\t\t\n\t\t\t\t\t\t\t\t<h3 class='uabb-testimonial-author-name testimonial-author-name'>Sandra H.<\/h3>\n\t\t\t\t\t\t\tFilled starFilled starFilled starFilled starEmpty star\n\t\t\t\t\t\t\t<p>Sehr sch\u00f6n eingerichtetes Hotel, eine Kombi von alt und neu. Sehr gute K\u00fcche und nettes Personal.<\/p>\t\t\t\t\t\t\n\t\t\t\t\t\t\t\t<h3 class='uabb-testimonial-author-name testimonial-author-name'>M. K.<\/h3>\n\t\t\t\t\t\t\tFilled starFilled starFilled starFilled starFilled star\n\t\t\t\t\t\t\t<p>Sehr uriges gem\u00fctliches Ambiente, sch\u00f6ner kleiner Biergarten im Innenhof, im Sommer definitiv zu empfehlen.<\/p>\t\t\t\t\t\t\n\t\t\t\t\t\t\t\t<h3 class='uabb-testimonial-author-name testimonial-author-name'>Sabine K.<\/h3>\n\t\t\t\t\t\t\tFilled starFilled starFilled starFilled starFilled star\n\t\t\t\t\t\t\t<p>Super Ambiente zum schwelgen. Essen reichlich super angerichtet und lecker. Komme gerne wieder<\/p>\t\t\t\t\t\t\n\t\t\t\t\t\t\t\t<h3 class='uabb-testimonial-author-name testimonial-author-name'>Frank L.<\/h3>\n\t\t\t\t\t\t\tFilled starFilled starFilled starFilled starEmpty star\n\t\t\t\t\t\t\t<p>Klein aber fein und nettes Personal<\/p>\t\t\t\t\t\t\n\t\t\t\t\t\t\t\t<h3 class='uabb-testimonial-author-name testimonial-author-name'>Jakob S.<\/h3>\n\t\t\t\t\t\t\tFilled starFilled starFilled starFilled starEmpty star\n\t\t\t\t\t\t\t<p>Mein Aufenthalt in dem Hotel war recht angenehm. Die Besitzer waren freundlich und nett. Das Geb\u00e4ude ist schon etwas \u00e4lter. Die Zimmer k\u00f6nnten etwas sauberer sein. Abendessen im Restaurant war preislich in Ordnung und hat geschmeckt.<\/p>\t\t\t\t\t\t\n\t\t\t\t\t\t\t\t<h3 class='uabb-testimonial-author-name testimonial-author-name'>M. S.<\/h3>\n\t\t\t\t\t\t\tFilled starFilled starFilled starFilled starFilled star\n\t\t\t\t\t\t\t<p>Sehr nette Mitarbeiter an der Rezeption. Zimmer sind sauber und gepflegt.<\/p>\t\t\t\t\t\t\n\t\t\t\t\t\t\t\t<h3 class='uabb-testimonial-author-name testimonial-author-name'>Ti Na<\/h3>\n\t\t\t\t\t\t\tFilled starFilled starFilled starFilled starFilled star\n\t\t\t\t\t\t\t<p>Uriger Laden, essen war lecker und der Kellner sehr freundlich. Preis Leistung passt!<\/p>\t\t\t\t\t\t\n\t\t\t\t\t\t\t\t<h3 class='uabb-testimonial-author-name testimonial-author-name'>B G.<\/h3>\n\t\t\t\t\t\t\tFilled starFilled starFilled starFilled starFilled star\n\t\t\t\t\t\t\t<p>Wenn ich wieder dort in der N\u00e4he hinfahre. Dann dort sehr nettes Personal und vor allem das Essen war mega gut<\/p>\t\t\t\t\t\t\n\t\t\t\t\t\t\t\t<h3 class='uabb-testimonial-author-name testimonial-author-name'>Christian<\/h3>\n\t\t\t\t\t\t\tFilled starFilled starFilled starFilled starFilled star\n\t\t\t\t\t\t\t<p>Sehr freundliche und aufmerksame Bedienung. Guter Wein und leckeres Essen in gem\u00fctlichem Ambiente<\/p>\t\t\t\t\t\t\n\t\t\t\t\t\t\t\t<h3 class='uabb-testimonial-author-name testimonial-author-name'>Sascha A.<\/h3>\n\t\t\t\t\t\t\tFilled starFilled starFilled starFilled starFilled star\n\t\t\t\t\t\t\t<p>Sehr nettes Personal, Zimmer sauber, Fr\u00fchst\u00fcck sehr gut, Sehr nahe gelegen zum Phantasialand. Passt einfach alles. Vielen Dank<\/p>\t\t\t\t\t\t\n\t<h2>\n\t\t\tJetzt buchen &#8230;\t<\/h2>\n\t<p>Reservieren Sie hier online Ihren Aufenthalt in unserem Hause:<\/p>\n\t\t\t<a href=\"https:\/\/via.eviivo.com\/HotelzumSchwan53919\" target=\"_blank\" rel=\"noopener\">\n\t\t\t\t\t\t\tJetzt buchen\n\t\t\t\t\t<\/a>\n\n","protected":false},"excerpt":{"rendered":"<p>Service &#8230; Bitte w\u00e4hlen Sie einen der folgenden Bereiche: Lage\u00a0 |\u00a0 Zimmer\u00a0 |\u00a0 Restaurant Ob Gesch\u00e4ftsreise oder Urlaub, Entspannung oder Erlebnis: Hotel zum Schwan ist Ihre Adresse f\u00fcr eine angenehme Zeit. Als unser Gast genie\u00dfen Sie alle Annehmlichkeiten eines zeitgem\u00e4\u00dfen Hotels: von komfortabel ausgestatteten Zimmern bis zum stets aufmerksamen und auf Ihr Wohlbefinden bedachten Service-Team.&hellip;<\/p>\n","protected":false},"author":1,"featured_media":0,"parent":0,"menu_order":0,"comment_status":"closed","ping_status":"closed","template":"","meta":[],"yoast_head":"<!-- This site is optimized with the Yoast SEO plugin v21.8.1 - https:\/\/yoast.com\/wordpress\/plugins\/seo\/ -->\n<title>Service - Hotel zum Schwan - Weilerswist<\/title>\n<meta name=\"robots\" content=\"index, follow, max-snippet:-1, max-image-preview:large, max-video-preview:-1\" \/>\n<link rel=\"canonical\" href=\"https:\/\/hotel-zum-schwan.com\/?page_id=104\" \/>\n<meta property=\"og:locale\" content=\"de_DE\" \/>\n<meta property=\"og:type\" content=\"article\" \/>\n<meta property=\"og:title\" content=\"Service - Hotel zum Schwan - Weilerswist\" \/>\n<meta property=\"og:description\" content=\"Service &#8230; Bitte w\u00e4hlen Sie einen der folgenden Bereiche: Lage\u00a0 |\u00a0 Zimmer\u00a0 |\u00a0 Restaurant Ob Gesch\u00e4ftsreise oder Urlaub, Entspannung oder Erlebnis: Hotel zum Schwan ist Ihre Adresse f\u00fcr eine angenehme Zeit. Als unser Gast genie\u00dfen Sie alle Annehmlichkeiten eines zeitgem\u00e4\u00dfen Hotels: von komfortabel ausgestatteten Zimmern bis zum stets aufmerksamen und auf Ihr Wohlbefinden bedachten Service-Team.&hellip;\" \/>\n<meta property=\"og:url\" content=\"https:\/\/hotel-zum-schwan.com\/?page_id=104\" \/>\n<meta property=\"og:site_name\" content=\"Hotel zum Schwan - Weilerswist\" \/>\n<meta property=\"article:modified_time\" content=\"2026-03-20T11:27:33+00:00\" \/>\n<meta name=\"twitter:card\" content=\"summary_large_image\" \/>\n<meta name=\"twitter:label1\" content=\"Gesch\u00e4tzte Lesezeit\" \/>\n\t<meta name=\"twitter:data1\" content=\"3\u00a0Minuten\" \/>\n<script type=\"application\/ld+json\" class=\"yoast-schema-graph\">{\"@context\":\"https:\/\/schema.org\",\"@graph\":[{\"@type\":\"WebPage\",\"@id\":\"https:\/\/hotel-zum-schwan.com\/?page_id=104\",\"url\":\"https:\/\/hotel-zum-schwan.com\/?page_id=104\",\"name\":\"Service - Hotel zum Schwan - Weilerswist\",\"isPartOf\":{\"@id\":\"https:\/\/hotel-zum-schwan.com\/#website\"},\"datePublished\":\"2021-10-07T15:01:42+00:00\",\"dateModified\":\"2026-03-20T11:27:33+00:00\",\"breadcrumb\":{\"@id\":\"https:\/\/hotel-zum-schwan.com\/?page_id=104#breadcrumb\"},\"inLanguage\":\"de\",\"potentialAction\":[{\"@type\":\"ReadAction\",\"target\":[\"https:\/\/hotel-zum-schwan.com\/?page_id=104\"]}]},{\"@type\":\"BreadcrumbList\",\"@id\":\"https:\/\/hotel-zum-schwan.com\/?page_id=104#breadcrumb\",\"itemListElement\":[{\"@type\":\"ListItem\",\"position\":1,\"name\":\"Home\",\"item\":\"https:\/\/hotel-zum-schwan.com\/\"},{\"@type\":\"ListItem\",\"position\":2,\"name\":\"Service\"}]},{\"@type\":\"WebSite\",\"@id\":\"https:\/\/hotel-zum-schwan.com\/#website\",\"url\":\"https:\/\/hotel-zum-schwan.com\/\",\"name\":\"Hotel zum Schwan - Weilerswist\",\"description\":\"\",\"potentialAction\":[{\"@type\":\"SearchAction\",\"target\":{\"@type\":\"EntryPoint\",\"urlTemplate\":\"https:\/\/hotel-zum-schwan.com\/?s={search_term_string}\"},\"query-input\":\"required name=search_term_string\"}],\"inLanguage\":\"de\"}]}<\/script>\n<!-- \/ Yoast SEO plugin. -->","yoast_head_json":{"title":"Service - Hotel zum Schwan - Weilerswist","robots":{"index":"index","follow":"follow","max-snippet":"max-snippet:-1","max-image-preview":"max-image-preview:large","max-video-preview":"max-video-preview:-1"},"canonical":"https:\/\/hotel-zum-schwan.com\/?page_id=104","og_locale":"de_DE","og_type":"article","og_title":"Service - Hotel zum Schwan - Weilerswist","og_description":"Service &#8230; Bitte w\u00e4hlen Sie einen der folgenden Bereiche: Lage\u00a0 |\u00a0 Zimmer\u00a0 |\u00a0 Restaurant Ob Gesch\u00e4ftsreise oder Urlaub, Entspannung oder Erlebnis: Hotel zum Schwan ist Ihre Adresse f\u00fcr eine angenehme Zeit. Als unser Gast genie\u00dfen Sie alle Annehmlichkeiten eines zeitgem\u00e4\u00dfen Hotels: von komfortabel ausgestatteten Zimmern bis zum stets aufmerksamen und auf Ihr Wohlbefinden bedachten Service-Team.&hellip;","og_url":"https:\/\/hotel-zum-schwan.com\/?page_id=104","og_site_name":"Hotel zum Schwan - Weilerswist","article_modified_time":"2026-03-20T11:27:33+00:00","twitter_card":"summary_large_image","twitter_misc":{"Gesch\u00e4tzte Lesezeit":"3\u00a0Minuten"},"schema":{"@context":"https:\/\/schema.org","@graph":[{"@type":"WebPage","@id":"https:\/\/hotel-zum-schwan.com\/?page_id=104","url":"https:\/\/hotel-zum-schwan.com\/?page_id=104","name":"Service - Hotel zum Schwan - Weilerswist","isPartOf":{"@id":"https:\/\/hotel-zum-schwan.com\/#website"},"datePublished":"2021-10-07T15:01:42+00:00","dateModified":"2026-03-20T11:27:33+00:00","breadcrumb":{"@id":"https:\/\/hotel-zum-schwan.com\/?page_id=104#breadcrumb"},"inLanguage":"de","potentialAction":[{"@type":"ReadAction","target":["https:\/\/hotel-zum-schwan.com\/?page_id=104"]}]},{"@type":"BreadcrumbList","@id":"https:\/\/hotel-zum-schwan.com\/?page_id=104#breadcrumb","itemListElement":[{"@type":"ListItem","position":1,"name":"Home","item":"https:\/\/hotel-zum-schwan.com\/"},{"@type":"ListItem","position":2,"name":"Service"}]},{"@type":"WebSite","@id":"https:\/\/hotel-zum-schwan.com\/#website","url":"https:\/\/hotel-zum-schwan.com\/","name":"Hotel zum Schwan - Weilerswist","description":"","potentialAction":[{"@type":"SearchAction","target":{"@type":"EntryPoint","urlTemplate":"https:\/\/hotel-zum-schwan.com\/?s={search_term_string}"},"query-input":"required name=search_term_string"}],"inLanguage":"de"}]}},"_links":{"self":[{"href":"https:\/\/hotel-zum-schwan.com\/index.php?rest_route=\/wp\/v2\/pages\/104"}],"collection":[{"href":"https:\/\/hotel-zum-schwan.com\/index.php?rest_route=\/wp\/v2\/pages"}],"about":[{"href":"https:\/\/hotel-zum-schwan.com\/index.php?rest_route=\/wp\/v2\/types\/page"}],"author":[{"embeddable":true,"href":"https:\/\/hotel-zum-schwan.com\/index.php?rest_route=\/wp\/v2\/users\/1"}],"replies":[{"embeddable":true,"href":"https:\/\/hotel-zum-schwan.com\/index.php?rest_route=%2Fwp%2Fv2%2Fcomments&post=104"}],"version-history":[{"count":22,"href":"https:\/\/hotel-zum-schwan.com\/index.php?rest_route=\/wp\/v2\/pages\/104\/revisions"}],"predecessor-version":[{"id":288,"href":"https:\/\/hotel-zum-schwan.com\/index.php?rest_route=\/wp\/v2\/pages\/104\/revisions\/288"}],"wp:attachment":[{"href":"https:\/\/hotel-zum-schwan.com\/index.php?rest_route=%2Fwp%2Fv2%2Fmedia&parent=104"}],"curies":[{"name":"wp","href":"https:\/\/api.w.org\/{rel}","templated":true}]}}